 2*x. What is w(3)?
7
Let o(q) = -q**2 - 4*q + 4. Let w = -58 + 55. Let m be 3 - ((12 - -3) + w - 3). Determine o(m).
-8
Let o(v) = -v**2 - 13*v - 9. Suppose 1281 - 1039 = -22*n. What is o(n)?
13
Let l(p) = 3*p. Let y(o) = -3*o + 42. Let a be y(17). Let u be a - (19/(-7) - 6/21). What is l(u)?
-18
Let l(b) = -21*b**2 + 16*b - 1. Let z(y) = -16*y**2 + 15*y - 2. Let s(p) = -3*l(p) + 4*z(p). Let r be (-4)/(-30) - 5/((-300)/712). Calculate s(r).
-5
Let f(h) = 34*h + 47*h + 42*h - 30 - 131*h. Determine f(-4).
2
Let j = -8 + 9. Let u(q) = -5*q**2 - 4 + 0*q - j + 4*q**3 - 4*q - 5*q**3. Let t(h) = 7*h + 3. Let z be t(-1). Give u(z).
-5
Let l = 907 - 907. Let w(z) be the third derivative of 1/120*z**6 + 0*z**5 - 1/8*z**4 + l - 1/3*z**3 + 0*z + 14*z**2. Determine w(-2).
-4
Let g be 4/8 - (2 - 18/4). Let s(m) = 4*m + 137 - 70 - 63. Determine s(g).
16
Let k(d) = d**3 + 10*d**2 + 8*d - 6. Let i(g) = g**3 + 8*g**2 - 5*g - 9. Let j be i(-7). Let c = j - 84. Determine k(c).
3
Suppose 638 = -82*s - 100. Let q(a) = -a - 32. Determine q(s).
-23
Let y(m) = m**2 - m + 1. Suppose 479*j - 485*j + 942 = 0. Let s = 161 - j. Determine y(s).
13
Suppose 22 = 10*f - 68. Let r(x) = 5*x - 5. Let h(i) = 22*i - 20. Let c(y) = f*r(y) - 2*h(y). Determine c(0).
-5
Let w = 23 - -13. Suppose -w = -12*b - 12. Let r(z) = -z**b + 14 + z**3 + 1 - z - 8 + 0*z. Determine r(0).
7
Suppose -7*r + 63 = -0*r. Suppose 7*z + 5 = -r. Let y be (14/(-14))/((-1)/z). Let u(b) = b**2 + 4*b. Give u(y).
-4
Let n(g) = -33*g**2 + 7*g + 3. Let w(p) = -107*p**2 + 23*p + 11. Let h(j) = -13*n(j) + 4*w(j). Determine h(4).
25
Let a(z) = -4*z - 95. Let l be a(-23). Let o(k) = 2 + 2 + 4*k - 3 + 3*k**2 + 2. Give o(l).
18
Let l(t) = 42*t**3 - 82*t**3 + 10*t**2 - 17*t + 39*t**3 + 5*t - 10. Calculate l(9).
-37
Let v = -24 - -32. Let u(g) = 1 - 8*g + 3*g - v*g. Let b be ((-3)/(-3))/(-2 - -3). What is u(b)?
-12
Let r(t) = 7*t + 16 - 8*t + 167 - 192. Let g = -9 + 15. Let p be ((-26)/g)/(3/9). What is r(p)?
4
Let g be 2*(1 - (-9)/(-6)) - 3. Let y(u) = -2*u**2 - 7*u - 5. Give y(g).
-9
Let y(z) = -z**3 + 11*z**2 - 9*z. Let s be (-18)/(-90) + 138/10. Suppose -9*n - 50 = -s*n. What is y(n)?
10
Let p be 20*(16 - 16 - (-2)/8). Suppose p*q = 72 - 102. Let u(c) = -6*c**3 + 5*c**3 + 1 - 6*c**2 - 7. Determine u(q).
-6
Let f(c) = -c**2 + 5*c - 2. Let h = 1072 + -1077. Determine f(h).
-52
Let r(v) = -6296810*v + 6296808*v + 14 - 37. Let f(i) = 14*i + 2. Let b be f(-1). Give r(b).
1
Let a(k) be the third derivative of k**5/60 - k**4/24 - k**3/3 - 88*k**2 + k + 6. Let q(t) = 2*t**2 - t - 1. Suppose -z = -2*z - 1. Let x be q(z). Give a(x).
0
Let o = -15533 + 15533. Let c(r) be the second derivative of -9*r - 3/2*r**3 + 5/2*r**2 + 1/12*r**4 + o. What is c(6)?
-13
Let n(m) = -9*m - 1. Let f(v) = -v**2 - 8*v + 6. Let i(g) = f(g) - n(g). What is i(4)?
-5
Let k(q) = 4*q + 141. Let j(b) = 2*b + 136. Let m(g) = 6*j(g) - 5*k(g). What is m(14)?
-1
Let a(g) = -3*g - 6. Let u(x) = 2*x - 20. Let j be u(7). Let d = -4 - j. Let r be d/(-4) + 49/(-14). Determine a(r).
6
Suppose -16*l + 10*l + 120 = 0. Suppose -l = -11*z + 35. Let w(h) = -41*h - 4*h**2 - 3 + z*h**2 + 44*h. Calculate w(-4).
1
Let f(u) = -3*u - 2. Let i(t) be the third derivative of -19*t**4/24 - 13*t**3/6 + 78*t**2. Let w(v) = 39*f(v) - 6*i(v). Give w(9).
-27
Let p(k) = -7*k**3 + 24*k**2 + 84*k + 236. Let f(l) = l**3 - 4*l**2 - 14*l - 39. Let q(n) = -13*f(n) - 2*p(n). Calculate q(-3).
2
Let n(y) = -y**3 - y**2 + y + 20. Let x(o) = o - 1. Let a(g) = n(g) - 2*x(g). Suppose 7*w - 14*w = 0. Give a(w).
22
Let q(w) = -1178*w + 608*w + 6 - 2*w**2 + 561*w. Let j = -1 - 6. Calculate q(j).
-29
Let d(y) = y**3 - 6. Let i = -5275 - -5278. What is d(i)?
21
Let u(r) = -17*r**2 - 182*r + 9. Let z(y) = -4*y**2 - 39*y + 2. Let t(p) = 3*u(p) - 14*z(p). What is t(4)?
79
Let v(f) = f + 11 + 2*f - 4*f + 0*f**3 - 5*f**3. Let q(u) = 14*u**3 + u**2 + 4*u - 32. Let d(l) = 6*q(l) + 17*v(l). What is d(7)?
-5
Suppose -27*h + 28*h - 4 = -5*q, 3*h + 5 = 2*q. Let s(f) = -102*f**2 + 3*f + 1. Calculate s(h).
-104
Let l = 84 - 84. Let f = 20 + 8. Suppose -c + f = 5*p, p + 4*c = -l*p + 17. Let s(z) = z - 9. Give s(p).
-4
Let c = -232 + 241. Let d(a) = 4*a - 5*a + a - c*a - a**2 - 2. Calculate d(-8).
6
Suppose -3*r + 31 = 4*d, 2*d + r = 15 - 0. Suppose -14 = 3*w + 4*j - 2, 12 = -2*w - 4*j. Let f(a) = -5 + a + 4*a + 6*a**2 + 3*a + w - a**3. Determine f(d).
2
Let z(w) = -44*w - 36*w + 79*w. Let k = 20 - 17. Let t be (-1)/1 + (k - 2). Calculate z(t).
0
Let v(m) = -7*m - 13. Let w = -3486 + 3482. Calculate v(w).
15
Let p = -6944 - -6951. Suppose k + k + 14 = 0. Let l(w) = 11*w - 17. Let z(u) = -5*u + 8. Let b(s) = k*z(s) - 3*l(s). Give b(p).
9
Let w(b) = b**2 + 8*b + 7. Suppose u + 36 = 22. Let r be 8/u - (-40)/70. Suppose r*c = c + 5. Calculate w(c).
-8
Let h(m) = -5*m**2 - 6*m + 5. Let f(i) = 10*i**2 + 11*i - 9. Let g(l) = 6*f(l) + 11*h(l). Let a be g(-1). Let o(n) = 12*n - a*n - 8*n. Calculate o(-5).
10
Let b(m) be the first derivative of m**3/3 - 7*m**2/2 + 10*m + 2. Suppose -x = 0, 5*v + 3*x + 2*x = 405. Suppose -7*p + v - 32 = 0. Give b(p).
10
Suppose -30*o + 16*o - 9*o = -138. Let b(t) = -2*t**2 + 8*t + t**2 + 3 + t**2 - t**2. What is b(o)?
15
Let g(f) be the first derivative of f**4/4 - 3*f**3 + 5*f**2 - 4*f - 1364. Determine g(7).
-32
Let d be 5 + 107/(5 - 4). Suppose 17*t = -d - 58. Let m(z) be the third derivative of z**6/120 + 11*z**5/60 + 5*z**4/12 - 5*z**3/6 + z**2. What is m(t)?
-5
Let j(y) = 2. Let l(t) = -t**2 + 31*t - 123. Let x(p) = 2*j(p) - l(p). Give x(5).
-3
Let m(a) be the second derivative of 32*a**3/3 - 49*a**2/2 + 73*a - 6. Determine m(1).
15
Let p = 49012 + -49021. Let l(c) = 2*c**2 + 16*c. Let r(t) = t**2 + 8*t. Let i(n) = 2*l(n) - 5*r(n). What is i(p)?
-9
Let f = -898 - -897. Let m(o) = -o - 1. Suppose -7*y + 2*y + 2*s + 7 = 0, y + 2*s - 11 = 0. Let j(t) = -5*t - 1. Let r(z) = f*j(z) + y*m(z). Determine r(2).
2
Let y(g) = -g**2 - 20*g - 103. Let z(q) = 110*q + 1858. Let o be z(-17). Calculate y(o).
-7
Let k(o) = 4*o**3 + o**2 + o - 1. Let a be k(1). Let w(r) = r**3 - a + r**2 - 2*r + 0 + 6. Suppose -23 + 15 = 4*c. What is w(c)?
1
Let j be (6/(-18))/((-1)/(-3)). Let m = 51 - 32. Let n(i) = -1 - 17*i**2 + 37*i**2 + 3*i**3 - m*i**2 + 0. Determine n(j).
-3
Suppose 0 = 12*j + 118 - 34. Let q(o) = 2*o + 1. Let u(a) = 1. Let s(w) = w. Let i(r) = 3*s(r) + 2*u(r). Let m(n) = -3*i(n) + 5*q(n). Give m(j).
-8
Let a = 207 - 176. Suppose -12*d = -a*d - 152. Let g(p) be the third derivative of p**4/24 + p**3 - p**2. Calculate g(d).
-2
Let o(y) = 22*y - 974. Let a be o(44). Let b(p) = -p**2 + p + 18. Calculate b(a).
-24
Let n(w) = -w - 6. Let c be (-11 - 1)/((-16)/4 + 3). Suppose 0*v = 5*q - 3*v + c, 11 = -5*q + 4*v. Determine n(q).
-3
Let y = 3 - 10. Let b be (-182)/52*6544/(-14). Let j(m) = b - 817 - 810 + 3*m. What is j(y)?
-12
Let p be 2 - 11 - -3*(-20)/(-12). Let h(y) = -13*y - 9. Determine h(p).
43
Let d be (0 - 27)*(5/15 - 0). Let c be 16/12*-3 - -9 - d. Let s(y) = y**3 - 14*y**2 + 2*y. What is s(c)?
28
Let q(w) = -21 + 2204*w**2 - 2205*w**2 + w - 19*w - 10. Give q(-6).
41
Suppose -11*y = -9*y - 6, v = 3*y - 7. Let r = 7 - 5. Let i(j) = -1 - 3*j - j**r - 2 + 4 + 2. Calculate i(v).
-7
Suppose -2*o + 31 = 5*c, -50 = -4*c + 374*o - 372*o. Let g(f) = f**3 - 7*f**2 - 24*f + 26. Give g(c).
-28
Let k(r) = -r + 21. Suppose 3*b = -56*s + 57*s + 124, -3*b + 136 = 5*s. Suppose -6 = 2*o - b. Determine k(o).
3
Let h be (-54)/(-13) + (-2)/13. Suppose -38*m = -91*m + 212. Suppose -m*n = -2*i, h*i + 6 = n + 5*i. Let b(x) = -2*x**3 - 3*x**2 + 2*x. Give b(n).
-24
Let d(a) = -a**3 + a**2 + 6*a - 2. Let f(j) = j**3 - j**2 - 3*j. Let l(v) = 3*d(v) + 5*f(v). Give l(4).
102
Let f = 12 - 12. Let x(a) be the first derivative of a**7/840 + a**6/360 - 7*a**4/8 - 15*a**3 - 42. Let j(i) be the third derivative of x(i). Calculate j(f).
-21
Let v(n) = 14*n + 316. Let k(f) = -27*f - 638. Let c(b) = 3*k(b) + 5*v(b). What is c(-30)?
-4
Let d(m) = -m**2 - 18*m - 19. Let q be d(-15). Suppose -5*k = -j - 31, j - k - 3*k = -q. Let x(a) = -2 + 4*a + 1 + 2*a + a**2. Calculate x(j).
-1
Let i(a) be the first derivative of a**2 + 28*a + 9272. Determine i(-8).
12
Let z(t) = 6*t**2 + 2*t - 47. Let a(l) = l**2 + 3*l. Let y(i) = 5*a(i) - z(i). 